pose -5*m + 6070 = -3*j, 3*j - 8085 = 7*j - 5*m. Let b = j + 4168. Is b composite?
False
Suppose 0 = -2*i - 3*x + 10, -5*i - 7*x + 11*x + 2 = 0. Suppose 0 = z - 3*j - 116 - 56, -5*j = -i*z + 341. Is z a prime number?
True
Let t(a) = -a**2 - 7*a - 11. Suppose m + 7 - 4 = 0. Let r be t(m). Is r/(-2)*2 - -4572 a composite number?
True
Suppose -54*h + 40 = -50*h. Let j(p) = -p**3 + 9*p**2 + 12*p - 21. Let u be j(h). Is ((30/6)/(-15))/(u/951) composite?
False
Suppose 5*f = 2*k - 411484, -25*f = -4*k - 29*f + 822996. Is k prime?
False
Suppose -h + 3*m - 12 = 0, m = 5*h - 0*m - 10. Suppose -5*j = -h - 22. Let s(z) = 459*z + 10. Is s(j) composite?
True
Let j(c) = 9*c - 20. Let u be j(0). Let p = -16 + u. Is (-48936)/p - (-10)/6 a composite number?
False
Let b(c) = 13*c**2 - 6*c - 15. Let q be b(-10). Let p be (-2 + 1162/21)*159/2. Let v = q + p. Is v composite?
True
Let h = 2103 + -5267. Let t = h - -15261. Is t a prime number?
True
Suppose -26*s - 123 = -513. Suppose -589 + 7174 = s*w. Is w composite?
False
Suppose 0 = -164*w + 160*w. Suppose 27*l - 26*l - 12 = w. Suppose -2*k + l*k = 22670. Is k composite?
False
Let g = 69693 - -39250. Is g a prime number?
True
Suppose 27*a - 22341170 - 16341403 = -42*a. Is a prime?
True
Let y = 55 - 61. Is (-13216)/y + (-1)/(-3) prime?
True
Let n = 58138 - 5067. Suppose -31*q + n = -40332. Is q a prime number?
False
Let i = 2342 - -184. Let c = -1755 + i. Is c a prime number?
False
Is -2*972159/24*(-11)/(165/60) prime?
True
Let p(v) = -3*v**3 - 161*v**2 + 138*v - 83. Is p(-60) a prime number?
True
Let u(o) = -683*o + 100. Let l = 326 + -335. Is u(l) prime?
True
Let h be 3*(-1)/3*-15. Let j(d) be the second derivative of 2*d**3 - 11*d**2 - 5*d - 4. Is j(h) a prime number?
False
Let o(b) = b + 1. Let s(m) = -8*m. Let f = 57 + -58. Let g(y) = f*o(y) - s(y). Is g(12) a composite number?
False
Let a = 5677 - -10842. Is a a composite number?
False
Suppose 2*h - 6*n - 79985 = 44451, 0 = -4*n - 12. Is h composite?
True
Let b = 85 - 73. Suppose b*l + 4*o = 9*l + 14955, 4*o = 12. Is l composite?
True
Let v be (4 - 38/3) + 4/6. Let c be 2578/v - (6/(-8))/3. Let n = 157 - c. Is n prime?
True
Let t(p) = p**3 + 14*p**2 + p + 16. Let h be t(-14). Suppose -h*f + 2*u + 1240 = 0, 4*u = -5*f + u + 3116. Let q = 1031 - f. Is q prime?
True
Let p(l) = -2*l**3 - 4*l**2 - 2*l + 13. Let d be p(-4). Suppose -d = 6*g - 571. Suppose -s = -5*w - 6070, -6147 = -s + w - g. Is s a prime number?
False
Let c(r) = 2813*r - 4900. Is c(81) prime?
True
Let x be 92/22 - (-8)/(-44). Let i(f) = 25*f**3 - f**2 + 8*f + 17. Is i(x) a prime number?
False
Suppose -3*p + 5275 - 508 = 0. Let l = p - 976. Is l a composite number?
False
Suppose -4*f + 86*x = 84*x - 54994, -f = x - 13756. Is f composite?
False
Let k(x) = 4328*x + 7. Suppose -8*u = 4*u - 24. Is k(u) a composite number?
False
Suppose -25 = 2*b - 5. Let x(v) = -2*v + 2*v + 0*v - 8*v + 47. Is x(b) prime?
True
Suppose -3*b = 5*q - 996238, -5*q - 220*b = -222*b - 996233. Is q a prime number?
True
Let u(l) = 288*l**2 + 84*l + 7. Is u(-16) prime?
False
Suppose -6 = -4*y + 7*y - 4*z, -y + 11 = 3*z. Suppose -2*b - 445 = -0*i - i, y*b - 896 = -2*i. Is 2 + i + 1 + 1/(-1) prime?
True
Suppose 3*y - 23 = -0*y - 2*o, 36 = 4*y + 4*o. Suppose y*n = 7*n - 4. Is (-247)/n*(0 + -2) composite?
True
Suppose -5*l = -3*q + 2850664, -6216*q - 1900442 = -6218*q + 3*l. Is q a prime number?
False
Suppose 0 = -4397*t + 4380*t + 41838853. Is t prime?
False
Let a = 2079 - -4130. Suppose 12*m - a = 6091. Suppose -2*t + m + 681 = 0. Is t prime?
True
Let o(c) = 525*c**2 - 7*c + 12. Let k be o(5). Suppose -2017 = 15*v - k. Is v a prime number?
True
Let z be (3 + -6)*(-1)/(3/2). Suppose -z*r + 4*y - 42 - 196 = 0, 4*r - 5*y = -488. Is 2/4 + r*(-60)/8 a composite number?
False
Suppose o = 13*f - 11*f + 202757, 5*f - 811067 = -4*o. Is o a prime number?
False
Suppose 28*y + 1244247 = 121*y. Is y a composite number?
True
Let x = -6 - -5. Let d(z) = -4*z - 4. Let c be d(x). Is 4632/54 - (c + 2/(-9)) prime?
False
Let o = 4410 + -3917. Is o composite?
True
Let r(i) = -i**2 - i + 4336. Let v be r(0). Suppose -2*t + 2165 = z, -2*z - 3*t + 5*t = -v. Suppose y - 3*h = z, h - 451 = 2*y - 4765. Is y prime?
False
Suppose 155*i - 153*i = 4*b - 5303582, 0 = -2*b - 3*i + 2651803. Is b a composite number?
True
Let v(d) = -d**3 + 17*d**2 - 16*d - 3. Let k be v(16). Let t be (116 + k)/((-1)/14). Is (4 + -3)/(t/(-790) + -2) prime?
False
Suppose 4*b + 1741 = 26801. Suppose 0 = -q + 3*g + 1237, 5*g = -0*q - 5*q + b. Is q prime?
True
Suppose -3*o + 82886 = 4*v, -5*v = 4*o - 48605 - 61909. Suppose 3*d = 9, 4*q + d + d - o = 0. Is q prime?
False
Let l be 4528/26 - (-18)/(-117). Suppose l = -j - 239. Let i = -87 - j. Is i a prime number?
False
Is -25 + 18 - -499206 - -20 prime?
False
Let c(x) = 229*x + 37. Let l = 308 - 299. Is c(l) prime?
False
Let f = 47878 - 23279. Suppose -5*g - 3*n = -40999, 16*g - 2*n = 19*g - f. Is g a prime number?
False
Suppose 53*l + 24 = 59*l. Suppose 3*n - l = 71. Let v(u) = u**3 - 23*u**2 - 14*u - 61. Is v(n) a prime number?
True
Let w be 2/3 + -6 + (-3297)/(-9). Suppose w + 2863 = 8*a. Is a prime?
False
Suppose -2*l - 5*m + 5 + 4 = 0, 0 = -3*m - 3. Suppose 2*z + 1 = -0*g + g, 2*g - 9 = -3*z. Suppose -l*d - g*d = -2110. Is d a prime number?
True
Let n(z) = 159*z + 13. Let q(c) = 479*c + 41. Let a(g) = -7*n(g) + 2*q(g). Let s be ((-2 - -4) + -3)*2. Is a(s) prime?
False
Let c be (40/3)/(-4)*(-620 - -11). Let a = c + -1147. Is a a prime number?
True
Suppose -343*j = -350*j - 79338. Is (27/18)/(45333/j + 4) a composite number?
True
Let v(r) = -103*r**2 - 52*r + 7. Let w be v(-8). Let s = w - -10388. Is s prime?
True
Suppose -3565977 - 2115534 - 2308679 = -130*p. Is p a prime number?
True
Suppose 2*o - 2*f = 6896, -o + 2*f - 3439 = -2*o. Suppose -z - 3*g - g - 689 = 0, -5*z + 2*g = o. Let c = z - -1212. Is c composite?
False
Suppose -86 = -3*z - 2*b, b = z - 2*z + 29. Suppose 32*v - z*v = 20356. Is v a composite number?
True
Let y = -228368 - -353851. Is y a composite number?
True
Suppose -5*v + 3*g + 1 = 31, -6 = v + 5*g. Is (19999/28 + v)*(3 - -1) composite?
False
Is (-17)/((-85)/10)*31322 + -5 a composite number?
False
Let m be (9 + -4)/(2/(-852)). Let l = 707 - m. Is l prime?
True
Let n = 2717435 - 716178. Is n a composite number?
True
Suppose 4*y + 944073 = 5*t, 28*y - 377616 = -2*t + 23*y. Is t composite?
True
Let f(i) = -i**3 - 4*i**2 + 3*i - 3. Let s be f(-5). Suppose -s*u = -3*u - 464. Suppose k + 4*q = -u + 633, -3*k + 1558 = 5*q. Is k prime?
True
Suppose -22*q - 196 = -29*q. Suppose -q*c = -24956 + 2976. Is c a composite number?
True
Let a = 170667 + 1261096. Is a composite?
False
Suppose 7*w - 5 - 9 = 0. Let x(h) = 26 - h**w - 2*h + 15 + h - 6. Is x(0) composite?
True
Suppose 47 = -4*a + 5*a. Suppose 46*d = a*d - 571. Is d prime?
True
Suppose -j = -m + 29478, m + 2*j = 5*m - 117902. Is m a composite number?
False
Suppose -4*o + 2*o = 622. Let f be 46/(-161) + (-4488)/21. Let w = f - o. Is w prime?
True
Let z(k) = -4*k - 5. Let w be z(-5). Let g(s) = 16*s**2 - 4*s + 55. Is g(w) a composite number?
True
Suppose 0 = -n + 20 + 492. Suppose -3*c = 5*r - 2596, -3*c = r - 0*c - n. Is r a composite number?
False
Let r = -259 + 262. Suppose -7590 = -f + j + 12335, 0 = -f + r*j + 19933. Is f a prime number?
False
Suppose w - 95697 = 2*b, -5*w = -4*b - 123643 - 354854. Is w prime?
True
Suppose 14*i + 11*i - 3909625 = 869700. Is i a prime number?
True
Let w be -25 + 33 - 0/1. Let o(m) = 3*m**3 + 14*m**2 + 8*m + 1. Is o(w) a composite number?
True
Let n(z) be the first derivative of 157*z**3/3 - z**2 - 2*z + 11. Suppose -9 = i + 8*i. Is n(i) prime?
True
Let z(v) = 339*v + 24. Let l(i) be the third derivative of -679*i**4/24 - 8*i**3 - 17*i**2. Let s(k) = 2*l(k) + 5*z(k). Is s(5) composite?
False
Suppose -13*u = -10*u + 3537. Is 2 - -4*(u/(-12) - 4) a composite number?
False
Let f = 165835 + -76628. Is f prime?
False
Let c = -24 + 28. Suppose 0 = -2*h, 5*h + 741 = -c*u + 5201. Is u composite?
True
Suppose 0*x + 390 = -5*x. Let t = 156 + x. Suppose -5*b = y - t, y - 2*b + 3*b - 62 = 0. Is y prime?
False
Is 4851/(-462)*-6089*2/3 a composite number?
True
Suppose 9 = -y - 8. Is 16322/6 - y/((-306)/(-12)) prime?
False
Let t(l) = 6*l - 1. Le